{"id":204,"date":"2025-11-26T17:41:56","date_gmt":"2025-11-26T17:41:56","guid":{"rendered":"https:\/\/albagonzalez.estaciondiseno.es\/?page_id=204"},"modified":"2026-01-18T19:09:22","modified_gmt":"2026-01-18T19:09:22","slug":"crochet","status":"publish","type":"page","link":"https:\/\/albagonzalez.estaciondiseno.es\/index.php\/crochet\/","title":{"rendered":"pool party"},"content":{"rendered":"\n<p>Sesi\u00f3n de fotos casera para mostrar las prendas de crochet realizadas a mano por mi. Realizada en nuestro cortijo familiar, en Cabra, C\u00f3rdoba. <\/p>\n\n\n\n<figure data-wp-context=\"{&quot;imageId&quot;:&quot;69dcf2455f223&quot;}\" data-wp-interactive=\"core\/image\" data-wp-key=\"69dcf2455f223\" class=\"wp-block-image size-large wp-lightbox-container\"><img loading=\"lazy\" decoding=\"async\" width=\"2560\" height=\"1440\" data-wp-class--hide=\"state.isContentHidden\" data-wp-class--show=\"state.isContentVisible\" data-wp-init=\"callbacks.setButtonStyles\" data-wp-on--click=\"actions.showLightbox\" data-wp-on--load=\"callbacks.setButtonStyles\" data-wp-on-window--resize=\"callbacks.setButtonStyles\" src=\"https:\/\/albagonzalez.estaciondiseno.es\/wp-content\/uploads\/2026\/01\/IMG_3285-edited-2-scaled.jpg\" alt=\"\" class=\"wp-image-817\" srcset=\"https:\/\/albagonzalez.estaciondiseno.es\/wp-content\/uploads\/2026\/01\/IMG_3285-edited-2-scaled.jpg 2560w, https:\/\/albagonzalez.estaciondiseno.es\/wp-content\/uploads\/2026\/01\/IMG_3285-edited-2-300x169.jpg 300w, https:\/\/albagonzalez.estaciondiseno.es\/wp-content\/uploads\/2026\/01\/IMG_3285-edited-2-1024x576.jpg 1024w, https:\/\/albagonzalez.estaciondiseno.es\/wp-content\/uploads\/2026\/01\/IMG_3285-edited-2-768x432.jpg 768w, https:\/\/albagonzalez.estaciondiseno.es\/wp-content\/uploads\/2026\/01\/IMG_3285-edited-2-1536x864.jpg 1536w, https:\/\/albagonzalez.estaciondiseno.es\/wp-content\/uploads\/2026\/01\/IMG_3285-edited-2-2048x1152.jpg 2048w\" sizes=\"auto, (max-width: 2560px) 100vw, 2560px\" \/><button\n\t\t\tclass=\"lightbox-trigger\"\n\t\t\ttype=\"button\"\n\t\t\taria-haspopup=\"dialog\"\n\t\t\taria-label=\"Agrandar\"\n\t\t\tdata-wp-init=\"callbacks.initTriggerButton\"\n\t\t\tdata-wp-on--click=\"actions.showLightbox\"\n\t\t\tdata-wp-style--right=\"state.imageButtonRight\"\n\t\t\tdata-wp-style--top=\"state.imageButtonTop\"\n\t\t>\n\t\t\t<svg xmlns=\"http:\/\/www.w3.org\/2000\/svg\" width=\"12\" height=\"12\" fill=\"none\" viewBox=\"0 0 12 12\">\n\t\t\t\t<path fill=\"#fff\" d=\"M2 0a2 2 0 0 0-2 2v2h1.5V2a.5.5 0 0 1 .5-.5h2V0H2Zm2 10.5H2a.5.5 0 0 1-.5-.5V8H0v2a2 2 0 0 0 2 2h2v-1.5ZM8 12v-1.5h2a.5.5 0 0 0 .5-.5V8H12v2a2 2 0 0 1-2 2H8Zm2-12a2 2 0 0 1 2 2v2h-1.5V2a.5.5 0 0 0-.5-.5H8V0h2Z\" \/>\n\t\t\t<\/svg>\n\t\t<\/button><figcaption class=\"wp-element-caption\">Prendas y estilismos: <a href=\"https:\/\/www.instagram.com\/albag.stylist\/\">Alba Gonz\u00e1lez<\/a>; Modelos: Alicia y Eva Vilaplana; Fotograf\u00eda: Alba Gonz\u00e1lez; Maquillaje: Alba Gonz\u00e1lez<\/figcaption><\/figure>\n\n\n\n<figure class=\"wp-block-gallery has-nested-images columns-default is-cropped wp-block-gallery-1 is-layout-flex wp-block-gallery-is-layout-flex\">\n<figure data-wp-context=\"{&quot;imageId&quot;:&quot;69dcf2455f4bb&quot;}\" data-wp-interactive=\"core\/image\" data-wp-key=\"69dcf2455f4bb\" class=\"wp-block-image size-large wp-lightbox-container\"><img loading=\"lazy\" decoding=\"async\" width=\"768\" height=\"1024\" data-wp-class--hide=\"state.isContentHidden\" data-wp-class--show=\"state.isContentVisible\" data-wp-init=\"callbacks.setButtonStyles\" data-wp-on--click=\"actions.showLightbox\" data-wp-on--load=\"callbacks.setButtonStyles\" data-wp-on-window--resize=\"callbacks.setButtonStyles\" data-id=\"793\" src=\"https:\/\/albagonzalez.estaciondiseno.es\/wp-content\/uploads\/2026\/01\/IMG_3341-768x1024.jpg\" alt=\"\" class=\"wp-image-793\" srcset=\"https:\/\/albagonzalez.estaciondiseno.es\/wp-content\/uploads\/2026\/01\/IMG_3341-768x1024.jpg 768w, https:\/\/albagonzalez.estaciondiseno.es\/wp-content\/uploads\/2026\/01\/IMG_3341-225x300.jpg 225w, https:\/\/albagonzalez.estaciondiseno.es\/wp-content\/uploads\/2026\/01\/IMG_3341-1152x1536.jpg 1152w, https:\/\/albagonzalez.estaciondiseno.es\/wp-content\/uploads\/2026\/01\/IMG_3341-1536x2048.jpg 1536w, https:\/\/albagonzalez.estaciondiseno.es\/wp-content\/uploads\/2026\/01\/IMG_3341-scaled.jpg 1920w\" sizes=\"auto, (max-width: 768px) 100vw, 768px\" \/><button\n\t\t\tclass=\"lightbox-trigger\"\n\t\t\ttype=\"button\"\n\t\t\taria-haspopup=\"dialog\"\n\t\t\taria-label=\"Agrandar\"\n\t\t\tdata-wp-init=\"callbacks.initTriggerButton\"\n\t\t\tdata-wp-on--click=\"actions.showLightbox\"\n\t\t\tdata-wp-style--right=\"state.imageButtonRight\"\n\t\t\tdata-wp-style--top=\"state.imageButtonTop\"\n\t\t>\n\t\t\t<svg xmlns=\"http:\/\/www.w3.org\/2000\/svg\" width=\"12\" height=\"12\" fill=\"none\" viewBox=\"0 0 12 12\">\n\t\t\t\t<path fill=\"#fff\" d=\"M2 0a2 2 0 0 0-2 2v2h1.5V2a.5.5 0 0 1 .5-.5h2V0H2Zm2 10.5H2a.5.5 0 0 1-.5-.5V8H0v2a2 2 0 0 0 2 2h2v-1.5ZM8 12v-1.5h2a.5.5 0 0 0 .5-.5V8H12v2a2 2 0 0 1-2 2H8Zm2-12a2 2 0 0 1 2 2v2h-1.5V2a.5.5 0 0 0-.5-.5H8V0h2Z\" \/>\n\t\t\t<\/svg>\n\t\t<\/button><\/figure>\n\n\n\n<figure data-wp-context=\"{&quot;imageId&quot;:&quot;69dcf2455f6da&quot;}\" data-wp-interactive=\"core\/image\" data-wp-key=\"69dcf2455f6da\" class=\"wp-block-image size-large wp-lightbox-container\"><img loading=\"lazy\" decoding=\"async\" width=\"768\" height=\"1024\" data-wp-class--hide=\"state.isContentHidden\" data-wp-class--show=\"state.isContentVisible\" data-wp-init=\"callbacks.setButtonStyles\" data-wp-on--click=\"actions.showLightbox\" data-wp-on--load=\"callbacks.setButtonStyles\" data-wp-on-window--resize=\"callbacks.setButtonStyles\" data-id=\"808\" src=\"https:\/\/albagonzalez.estaciondiseno.es\/wp-content\/uploads\/2026\/01\/IMG_3544-768x1024.jpg\" alt=\"\" class=\"wp-image-808\" srcset=\"https:\/\/albagonzalez.estaciondiseno.es\/wp-content\/uploads\/2026\/01\/IMG_3544-768x1024.jpg 768w, https:\/\/albagonzalez.estaciondiseno.es\/wp-content\/uploads\/2026\/01\/IMG_3544-225x300.jpg 225w, https:\/\/albagonzalez.estaciondiseno.es\/wp-content\/uploads\/2026\/01\/IMG_3544-1152x1536.jpg 1152w, https:\/\/albagonzalez.estaciondiseno.es\/wp-content\/uploads\/2026\/01\/IMG_3544-1536x2048.jpg 1536w, https:\/\/albagonzalez.estaciondiseno.es\/wp-content\/uploads\/2026\/01\/IMG_3544-scaled.jpg 1920w\" sizes=\"auto, (max-width: 768px) 100vw, 768px\" \/><button\n\t\t\tclass=\"lightbox-trigger\"\n\t\t\ttype=\"button\"\n\t\t\taria-haspopup=\"dialog\"\n\t\t\taria-label=\"Agrandar\"\n\t\t\tdata-wp-init=\"callbacks.initTriggerButton\"\n\t\t\tdata-wp-on--click=\"actions.showLightbox\"\n\t\t\tdata-wp-style--right=\"state.imageButtonRight\"\n\t\t\tdata-wp-style--top=\"state.imageButtonTop\"\n\t\t>\n\t\t\t<svg xmlns=\"http:\/\/www.w3.org\/2000\/svg\" width=\"12\" height=\"12\" fill=\"none\" viewBox=\"0 0 12 12\">\n\t\t\t\t<path fill=\"#fff\" d=\"M2 0a2 2 0 0 0-2 2v2h1.5V2a.5.5 0 0 1 .5-.5h2V0H2Zm2 10.5H2a.5.5 0 0 1-.5-.5V8H0v2a2 2 0 0 0 2 2h2v-1.5ZM8 12v-1.5h2a.5.5 0 0 0 .5-.5V8H12v2a2 2 0 0 1-2 2H8Zm2-12a2 2 0 0 1 2 2v2h-1.5V2a.5.5 0 0 0-.5-.5H8V0h2Z\" \/>\n\t\t\t<\/svg>\n\t\t<\/button><\/figure>\n\n\n\n<figure data-wp-context=\"{&quot;imageId&quot;:&quot;69dcf2455f8f1&quot;}\" data-wp-interactive=\"core\/image\" data-wp-key=\"69dcf2455f8f1\" class=\"wp-block-image size-large wp-lightbox-container\"><img loading=\"lazy\" decoding=\"async\" width=\"768\" height=\"1024\" data-wp-class--hide=\"state.isContentHidden\" data-wp-class--show=\"state.isContentVisible\" data-wp-init=\"callbacks.setButtonStyles\" data-wp-on--click=\"actions.showLightbox\" data-wp-on--load=\"callbacks.setButtonStyles\" data-wp-on-window--resize=\"callbacks.setButtonStyles\" data-id=\"788\" src=\"https:\/\/albagonzalez.estaciondiseno.es\/wp-content\/uploads\/2026\/01\/IMG_3410-1-768x1024.jpg\" alt=\"\" class=\"wp-image-788\" srcset=\"https:\/\/albagonzalez.estaciondiseno.es\/wp-content\/uploads\/2026\/01\/IMG_3410-1-768x1024.jpg 768w, https:\/\/albagonzalez.estaciondiseno.es\/wp-content\/uploads\/2026\/01\/IMG_3410-1-225x300.jpg 225w, https:\/\/albagonzalez.estaciondiseno.es\/wp-content\/uploads\/2026\/01\/IMG_3410-1-1152x1536.jpg 1152w, https:\/\/albagonzalez.estaciondiseno.es\/wp-content\/uploads\/2026\/01\/IMG_3410-1-1536x2048.jpg 1536w, https:\/\/albagonzalez.estaciondiseno.es\/wp-content\/uploads\/2026\/01\/IMG_3410-1-scaled.jpg 1920w\" sizes=\"auto, (max-width: 768px) 100vw, 768px\" \/><button\n\t\t\tclass=\"lightbox-trigger\"\n\t\t\ttype=\"button\"\n\t\t\taria-haspopup=\"dialog\"\n\t\t\taria-label=\"Agrandar\"\n\t\t\tdata-wp-init=\"callbacks.initTriggerButton\"\n\t\t\tdata-wp-on--click=\"actions.showLightbox\"\n\t\t\tdata-wp-style--right=\"state.imageButtonRight\"\n\t\t\tdata-wp-style--top=\"state.imageButtonTop\"\n\t\t>\n\t\t\t<svg xmlns=\"http:\/\/www.w3.org\/2000\/svg\" width=\"12\" height=\"12\" fill=\"none\" viewBox=\"0 0 12 12\">\n\t\t\t\t<path fill=\"#fff\" d=\"M2 0a2 2 0 0 0-2 2v2h1.5V2a.5.5 0 0 1 .5-.5h2V0H2Zm2 10.5H2a.5.5 0 0 1-.5-.5V8H0v2a2 2 0 0 0 2 2h2v-1.5ZM8 12v-1.5h2a.5.5 0 0 0 .5-.5V8H12v2a2 2 0 0 1-2 2H8Zm2-12a2 2 0 0 1 2 2v2h-1.5V2a.5.5 0 0 0-.5-.5H8V0h2Z\" \/>\n\t\t\t<\/svg>\n\t\t<\/button><\/figure>\n\n\n\n<figure data-wp-context=\"{&quot;imageId&quot;:&quot;69dcf2455fafd&quot;}\" data-wp-interactive=\"core\/image\" data-wp-key=\"69dcf2455fafd\" class=\"wp-block-image size-large wp-lightbox-container\"><img loading=\"lazy\" decoding=\"async\" width=\"768\" height=\"1024\" data-wp-class--hide=\"state.isContentHidden\" data-wp-class--show=\"state.isContentVisible\" data-wp-init=\"callbacks.setButtonStyles\" data-wp-on--click=\"actions.showLightbox\" data-wp-on--load=\"callbacks.setButtonStyles\" data-wp-on-window--resize=\"callbacks.setButtonStyles\" data-id=\"807\" src=\"https:\/\/albagonzalez.estaciondiseno.es\/wp-content\/uploads\/2026\/01\/IMG_3237-768x1024.jpg\" alt=\"\" class=\"wp-image-807\" srcset=\"https:\/\/albagonzalez.estaciondiseno.es\/wp-content\/uploads\/2026\/01\/IMG_3237-768x1024.jpg 768w, https:\/\/albagonzalez.estaciondiseno.es\/wp-content\/uploads\/2026\/01\/IMG_3237-225x300.jpg 225w, https:\/\/albagonzalez.estaciondiseno.es\/wp-content\/uploads\/2026\/01\/IMG_3237-1152x1536.jpg 1152w, https:\/\/albagonzalez.estaciondiseno.es\/wp-content\/uploads\/2026\/01\/IMG_3237-1536x2048.jpg 1536w, https:\/\/albagonzalez.estaciondiseno.es\/wp-content\/uploads\/2026\/01\/IMG_3237-scaled.jpg 1920w\" sizes=\"auto, (max-width: 768px) 100vw, 768px\" \/><button\n\t\t\tclass=\"lightbox-trigger\"\n\t\t\ttype=\"button\"\n\t\t\taria-haspopup=\"dialog\"\n\t\t\taria-label=\"Agrandar\"\n\t\t\tdata-wp-init=\"callbacks.initTriggerButton\"\n\t\t\tdata-wp-on--click=\"actions.showLightbox\"\n\t\t\tdata-wp-style--right=\"state.imageButtonRight\"\n\t\t\tdata-wp-style--top=\"state.imageButtonTop\"\n\t\t>\n\t\t\t<svg xmlns=\"http:\/\/www.w3.org\/2000\/svg\" width=\"12\" height=\"12\" fill=\"none\" viewBox=\"0 0 12 12\">\n\t\t\t\t<path fill=\"#fff\" d=\"M2 0a2 2 0 0 0-2 2v2h1.5V2a.5.5 0 0 1 .5-.5h2V0H2Zm2 10.5H2a.5.5 0 0 1-.5-.5V8H0v2a2 2 0 0 0 2 2h2v-1.5ZM8 12v-1.5h2a.5.5 0 0 0 .5-.5V8H12v2a2 2 0 0 1-2 2H8Zm2-12a2 2 0 0 1 2 2v2h-1.5V2a.5.5 0 0 0-.5-.5H8V0h2Z\" \/>\n\t\t\t<\/svg>\n\t\t<\/button><\/figure>\n\n\n\n<figure data-wp-context=\"{&quot;imageId&quot;:&quot;69dcf2455fd22&quot;}\" data-wp-interactive=\"core\/image\" data-wp-key=\"69dcf2455fd22\" class=\"wp-block-image size-large wp-lightbox-container\"><img loading=\"lazy\" decoding=\"async\" width=\"1170\" height=\"1560\" data-wp-class--hide=\"state.isContentHidden\" data-wp-class--show=\"state.isContentVisible\" data-wp-init=\"callbacks.setButtonStyles\" data-wp-on--click=\"actions.showLightbox\" data-wp-on--load=\"callbacks.setButtonStyles\" data-wp-on-window--resize=\"callbacks.setButtonStyles\" data-id=\"805\" src=\"https:\/\/albagonzalez.estaciondiseno.es\/wp-content\/uploads\/2026\/01\/DEC6CE4A-4F62-4358-8C3D-CC315AAD8DB1-edited-1.jpg\" alt=\"\" class=\"wp-image-805\" srcset=\"https:\/\/albagonzalez.estaciondiseno.es\/wp-content\/uploads\/2026\/01\/DEC6CE4A-4F62-4358-8C3D-CC315AAD8DB1-edited-1.jpg 1170w, https:\/\/albagonzalez.estaciondiseno.es\/wp-content\/uploads\/2026\/01\/DEC6CE4A-4F62-4358-8C3D-CC315AAD8DB1-edited-1-225x300.jpg 225w, https:\/\/albagonzalez.estaciondiseno.es\/wp-content\/uploads\/2026\/01\/DEC6CE4A-4F62-4358-8C3D-CC315AAD8DB1-edited-1-768x1024.jpg 768w, https:\/\/albagonzalez.estaciondiseno.es\/wp-content\/uploads\/2026\/01\/DEC6CE4A-4F62-4358-8C3D-CC315AAD8DB1-edited-1-1152x1536.jpg 1152w\" sizes=\"auto, (max-width: 1170px) 100vw, 1170px\" \/><button\n\t\t\tclass=\"lightbox-trigger\"\n\t\t\ttype=\"button\"\n\t\t\taria-haspopup=\"dialog\"\n\t\t\taria-label=\"Agrandar\"\n\t\t\tdata-wp-init=\"callbacks.initTriggerButton\"\n\t\t\tdata-wp-on--click=\"actions.showLightbox\"\n\t\t\tdata-wp-style--right=\"state.imageButtonRight\"\n\t\t\tdata-wp-style--top=\"state.imageButtonTop\"\n\t\t>\n\t\t\t<svg xmlns=\"http:\/\/www.w3.org\/2000\/svg\" width=\"12\" height=\"12\" fill=\"none\" viewBox=\"0 0 12 12\">\n\t\t\t\t<path fill=\"#fff\" d=\"M2 0a2 2 0 0 0-2 2v2h1.5V2a.5.5 0 0 1 .5-.5h2V0H2Zm2 10.5H2a.5.5 0 0 1-.5-.5V8H0v2a2 2 0 0 0 2 2h2v-1.5ZM8 12v-1.5h2a.5.5 0 0 0 .5-.5V8H12v2a2 2 0 0 1-2 2H8Zm2-12a2 2 0 0 1 2 2v2h-1.5V2a.5.5 0 0 0-.5-.5H8V0h2Z\" \/>\n\t\t\t<\/svg>\n\t\t<\/button><\/figure>\n\n\n\n<figure data-wp-context=\"{&quot;imageId&quot;:&quot;69dcf2455ff2b&quot;}\" data-wp-interactive=\"core\/image\" data-wp-key=\"69dcf2455ff2b\" class=\"wp-block-image size-large wp-lightbox-container\"><img loading=\"lazy\" decoding=\"async\" width=\"768\" height=\"1024\" data-wp-class--hide=\"state.isContentHidden\" data-wp-class--show=\"state.isContentVisible\" data-wp-init=\"callbacks.setButtonStyles\" data-wp-on--click=\"actions.showLightbox\" data-wp-on--load=\"callbacks.setButtonStyles\" data-wp-on-window--resize=\"callbacks.setButtonStyles\" data-id=\"794\" src=\"https:\/\/albagonzalez.estaciondiseno.es\/wp-content\/uploads\/2026\/01\/IMG_3308-768x1024.jpg\" alt=\"\" class=\"wp-image-794\" srcset=\"https:\/\/albagonzalez.estaciondiseno.es\/wp-content\/uploads\/2026\/01\/IMG_3308-768x1024.jpg 768w, https:\/\/albagonzalez.estaciondiseno.es\/wp-content\/uploads\/2026\/01\/IMG_3308-225x300.jpg 225w, https:\/\/albagonzalez.estaciondiseno.es\/wp-content\/uploads\/2026\/01\/IMG_3308-1152x1536.jpg 1152w, https:\/\/albagonzalez.estaciondiseno.es\/wp-content\/uploads\/2026\/01\/IMG_3308-1536x2048.jpg 1536w, https:\/\/albagonzalez.estaciondiseno.es\/wp-content\/uploads\/2026\/01\/IMG_3308-scaled.jpg 1920w\" sizes=\"auto, (max-width: 768px) 100vw, 768px\" \/><button\n\t\t\tclass=\"lightbox-trigger\"\n\t\t\ttype=\"button\"\n\t\t\taria-haspopup=\"dialog\"\n\t\t\taria-label=\"Agrandar\"\n\t\t\tdata-wp-init=\"callbacks.initTriggerButton\"\n\t\t\tdata-wp-on--click=\"actions.showLightbox\"\n\t\t\tdata-wp-style--right=\"state.imageButtonRight\"\n\t\t\tdata-wp-style--top=\"state.imageButtonTop\"\n\t\t>\n\t\t\t<svg xmlns=\"http:\/\/www.w3.org\/2000\/svg\" width=\"12\" height=\"12\" fill=\"none\" viewBox=\"0 0 12 12\">\n\t\t\t\t<path fill=\"#fff\" d=\"M2 0a2 2 0 0 0-2 2v2h1.5V2a.5.5 0 0 1 .5-.5h2V0H2Zm2 10.5H2a.5.5 0 0 1-.5-.5V8H0v2a2 2 0 0 0 2 2h2v-1.5ZM8 12v-1.5h2a.5.5 0 0 0 .5-.5V8H12v2a2 2 0 0 1-2 2H8Zm2-12a2 2 0 0 1 2 2v2h-1.5V2a.5.5 0 0 0-.5-.5H8V0h2Z\" \/>\n\t\t\t<\/svg>\n\t\t<\/button><\/figure>\n<\/figure>\n\n\n\n<details class=\"wp-block-details is-layout-flow wp-block-details-is-layout-flow\"><summary>soundtrack<\/summary>\n<figure class=\"wp-block-embed is-type-rich is-provider-spotify wp-block-embed-spotify wp-embed-aspect-21-9 wp-has-aspect-ratio\"><div class=\"wp-block-embed__wrapper\">\n<iframe title=\"Spotify Embed: pool party\" style=\"border-radius: 12px\" width=\"100%\" height=\"352\" frameborder=\"0\" allowfullscreen allow=\"autoplay; clipboard-write; encrypted-media; fullscreen; picture-in-picture\" loading=\"lazy\" src=\"https:\/\/open.spotify.com\/embed\/playlist\/0UlITpXSKnkbToRMLrLXMY?si=0cb9570a40b54de5&amp;utm_source=oembed\"><\/iframe>\n<\/div><\/figure>\n<\/details>\n\n\n\n<figure class=\"wp-block-image size-large is-resized\"><a href=\"https:\/\/www.instagram.com\/luluberry.closet\/\"><img loading=\"lazy\" decoding=\"async\" width=\"1024\" height=\"1024\" src=\"https:\/\/albagonzalez.estaciondiseno.es\/wp-content\/uploads\/2026\/01\/pngtree-pink-round-ball-of-yarn-png-image_6784631-Photoroom-1-1024x1024.png\" alt=\"\" class=\"wp-image-813\" style=\"width:208px;height:auto\" srcset=\"https:\/\/albagonzalez.estaciondiseno.es\/wp-content\/uploads\/2026\/01\/pngtree-pink-round-ball-of-yarn-png-image_6784631-Photoroom-1-1024x1024.png 1024w, https:\/\/albagonzalez.estaciondiseno.es\/wp-content\/uploads\/2026\/01\/pngtree-pink-round-ball-of-yarn-png-image_6784631-Photoroom-1-300x300.png 300w, https:\/\/albagonzalez.estaciondiseno.es\/wp-content\/uploads\/2026\/01\/pngtree-pink-round-ball-of-yarn-png-image_6784631-Photoroom-1-150x150.png 150w, https:\/\/albagonzalez.estaciondiseno.es\/wp-content\/uploads\/2026\/01\/pngtree-pink-round-ball-of-yarn-png-image_6784631-Photoroom-1-768x768.png 768w, https:\/\/albagonzalez.estaciondiseno.es\/wp-content\/uploads\/2026\/01\/pngtree-pink-round-ball-of-yarn-png-image_6784631-Photoroom-1.png 1280w\" sizes=\"auto, (max-width: 1024px) 100vw, 1024px\" \/><\/a><\/figure>\n","protected":false},"excerpt":{"rendered":"<p>Sesi\u00f3n de fotos casera para mostrar las prendas de crochet realizadas a mano por mi. Realizada en nuestro cortijo familiar, en Cabra, C\u00f3rdoba.<\/p>\n","protected":false},"author":1,"featured_media":0,"parent":0,"menu_order":0,"comment_status":"closed","ping_status":"closed","template":"","meta":{"footnotes":""},"class_list":["post-204","page","type-page","status-publish","hentry"],"yoast_head":"<!-- This site is optimized with the Yoast SEO Premium plugin v20.12 (Yoast SEO v20.12) - https:\/\/yoast.com\/wordpress\/plugins\/seo\/ -->\n<title>pool party - ALBA<\/title>\n<meta name=\"description\" content=\"Sesi\u00f3n de fotos casera para mostrar las prendas de crochet realizadas a mano por mi. Realizada en nuestro cortijo familiar, en Cabra, C\u00f3rdoba.\" \/>\n<meta name=\"robots\" content=\"index, follow, max-snippet:-1, max-image-preview:large, max-video-preview:-1\" \/>\n<link rel=\"canonical\" href=\"https:\/\/albagonzalez.estaciondiseno.es\/index.php\/crochet\/\" \/>\n<meta property=\"og:locale\" content=\"es_ES\" \/>\n<meta property=\"og:type\" content=\"article\" \/>\n<meta property=\"og:title\" content=\"pool party\" \/>\n<meta property=\"og:description\" content=\"Sesi\u00f3n de fotos casera para mostrar las prendas de crochet realizadas a mano por mi. Realizada en nuestro cortijo familiar, en Cabra, C\u00f3rdoba.\" \/>\n<meta property=\"og:url\" content=\"https:\/\/albagonzalez.estaciondiseno.es\/index.php\/crochet\/\" \/>\n<meta property=\"og:site_name\" content=\"ALBA\" \/>\n<meta property=\"article:modified_time\" content=\"2026-01-18T19:09:22+00:00\" \/>\n<meta property=\"og:image\" content=\"https:\/\/albagonzalez.estaciondiseno.es\/wp-content\/uploads\/2026\/01\/IMG_3285-edited-2-scaled.jpg\" \/>\n<meta name=\"twitter:card\" content=\"summary_large_image\" \/>\n<meta name=\"twitter:label1\" content=\"Tiempo de lectura\" \/>\n\t<meta name=\"twitter:data1\" content=\"2 minutos\" \/>\n<script type=\"application\/ld+json\" class=\"yoast-schema-graph\">{\"@context\":\"https:\/\/schema.org\",\"@graph\":[{\"@type\":\"WebPage\",\"@id\":\"https:\/\/albagonzalez.estaciondiseno.es\/index.php\/crochet\/\",\"url\":\"https:\/\/albagonzalez.estaciondiseno.es\/index.php\/crochet\/\",\"name\":\"pool party - ALBA\",\"isPartOf\":{\"@id\":\"https:\/\/albagonzalez.estaciondiseno.es\/#website\"},\"datePublished\":\"2025-11-26T17:41:56+00:00\",\"dateModified\":\"2026-01-18T19:09:22+00:00\",\"description\":\"Sesi\u00f3n de fotos casera para mostrar las prendas de crochet realizadas a mano por mi. Realizada en nuestro cortijo familiar, en Cabra, C\u00f3rdoba.\",\"breadcrumb\":{\"@id\":\"https:\/\/albagonzalez.estaciondiseno.es\/index.php\/crochet\/#breadcrumb\"},\"inLanguage\":\"es\",\"potentialAction\":[{\"@type\":\"ReadAction\",\"target\":[\"https:\/\/albagonzalez.estaciondiseno.es\/index.php\/crochet\/\"]}]},{\"@type\":\"BreadcrumbList\",\"@id\":\"https:\/\/albagonzalez.estaciondiseno.es\/index.php\/crochet\/#breadcrumb\",\"itemListElement\":[{\"@type\":\"ListItem\",\"position\":1,\"name\":\"Home\",\"item\":\"https:\/\/albagonzalez.estaciondiseno.es\/\"},{\"@type\":\"ListItem\",\"position\":2,\"name\":\"pool party\"}]},{\"@type\":\"WebSite\",\"@id\":\"https:\/\/albagonzalez.estaciondiseno.es\/#website\",\"url\":\"https:\/\/albagonzalez.estaciondiseno.es\/\",\"name\":\"ALBA\",\"description\":\"Portfolio\",\"potentialAction\":[{\"@type\":\"SearchAction\",\"target\":{\"@type\":\"EntryPoint\",\"urlTemplate\":\"https:\/\/albagonzalez.estaciondiseno.es\/?s={search_term_string}\"},\"query-input\":\"required name=search_term_string\"}],\"inLanguage\":\"es\"}]}<\/script>\n<!-- \/ Yoast SEO Premium plugin. -->","yoast_head_json":{"title":"pool party - ALBA","description":"Sesi\u00f3n de fotos casera para mostrar las prendas de crochet realizadas a mano por mi. Realizada en nuestro cortijo familiar, en Cabra, C\u00f3rdoba.","robots":{"index":"index","follow":"follow","max-snippet":"max-snippet:-1","max-image-preview":"max-image-preview:large","max-video-preview":"max-video-preview:-1"},"canonical":"https:\/\/albagonzalez.estaciondiseno.es\/index.php\/crochet\/","og_locale":"es_ES","og_type":"article","og_title":"pool party","og_description":"Sesi\u00f3n de fotos casera para mostrar las prendas de crochet realizadas a mano por mi. Realizada en nuestro cortijo familiar, en Cabra, C\u00f3rdoba.","og_url":"https:\/\/albagonzalez.estaciondiseno.es\/index.php\/crochet\/","og_site_name":"ALBA","article_modified_time":"2026-01-18T19:09:22+00:00","og_image":[{"url":"https:\/\/albagonzalez.estaciondiseno.es\/wp-content\/uploads\/2026\/01\/IMG_3285-edited-2-scaled.jpg"}],"twitter_card":"summary_large_image","twitter_misc":{"Tiempo de lectura":"2 minutos"},"schema":{"@context":"https:\/\/schema.org","@graph":[{"@type":"WebPage","@id":"https:\/\/albagonzalez.estaciondiseno.es\/index.php\/crochet\/","url":"https:\/\/albagonzalez.estaciondiseno.es\/index.php\/crochet\/","name":"pool party - ALBA","isPartOf":{"@id":"https:\/\/albagonzalez.estaciondiseno.es\/#website"},"datePublished":"2025-11-26T17:41:56+00:00","dateModified":"2026-01-18T19:09:22+00:00","description":"Sesi\u00f3n de fotos casera para mostrar las prendas de crochet realizadas a mano por mi. Realizada en nuestro cortijo familiar, en Cabra, C\u00f3rdoba.","breadcrumb":{"@id":"https:\/\/albagonzalez.estaciondiseno.es\/index.php\/crochet\/#breadcrumb"},"inLanguage":"es","potentialAction":[{"@type":"ReadAction","target":["https:\/\/albagonzalez.estaciondiseno.es\/index.php\/crochet\/"]}]},{"@type":"BreadcrumbList","@id":"https:\/\/albagonzalez.estaciondiseno.es\/index.php\/crochet\/#breadcrumb","itemListElement":[{"@type":"ListItem","position":1,"name":"Home","item":"https:\/\/albagonzalez.estaciondiseno.es\/"},{"@type":"ListItem","position":2,"name":"pool party"}]},{"@type":"WebSite","@id":"https:\/\/albagonzalez.estaciondiseno.es\/#website","url":"https:\/\/albagonzalez.estaciondiseno.es\/","name":"ALBA","description":"Portfolio","potentialAction":[{"@type":"SearchAction","target":{"@type":"EntryPoint","urlTemplate":"https:\/\/albagonzalez.estaciondiseno.es\/?s={search_term_string}"},"query-input":"required name=search_term_string"}],"inLanguage":"es"}]}},"_links":{"self":[{"href":"https:\/\/albagonzalez.estaciondiseno.es\/index.php\/wp-json\/wp\/v2\/pages\/204","targetHints":{"allow":["GET"]}}],"collection":[{"href":"https:\/\/albagonzalez.estaciondiseno.es\/index.php\/wp-json\/wp\/v2\/pages"}],"about":[{"href":"https:\/\/albagonzalez.estaciondiseno.es\/index.php\/wp-json\/wp\/v2\/types\/page"}],"author":[{"embeddable":true,"href":"https:\/\/albagonzalez.estaciondiseno.es\/index.php\/wp-json\/wp\/v2\/users\/1"}],"replies":[{"embeddable":true,"href":"https:\/\/albagonzalez.estaciondiseno.es\/index.php\/wp-json\/wp\/v2\/comments?post=204"}],"version-history":[{"count":8,"href":"https:\/\/albagonzalez.estaciondiseno.es\/index.php\/wp-json\/wp\/v2\/pages\/204\/revisions"}],"predecessor-version":[{"id":820,"href":"https:\/\/albagonzalez.estaciondiseno.es\/index.php\/wp-json\/wp\/v2\/pages\/204\/revisions\/820"}],"wp:attachment":[{"href":"https:\/\/albagonzalez.estaciondiseno.es\/index.php\/wp-json\/wp\/v2\/media?parent=204"}],"curies":[{"name":"wp","href":"https:\/\/api.w.org\/{rel}","templated":true}]}}